2 + 18*x - 15. What is f(-6)?
21
Let l(s) = 77*s + 6087. What is l(-79)?
4
Let l(z) = 536*z - 13358. What is l(25)?
42
Let g(d) = -d**2 + 33*d + 1710. Calculate g(61).
2
Let c(b) = b**2 - 5*b + 48. Determine c(10).
98
Let n(f) = -4*f**3 - 49*f**2 - 16*f - 44. Determine n(-12).
4
Let h(m) = -3*m**2 + 35*m + 120. Calculate h(9).
192
Let f(q) = 1797*q + 48509. Determine f(-27).
-10
Let m(x) = 570*x + 2496. What is m(-5)?
-354
Let o(v) = -9*v**3 - 59*v**2 + 7*v - 3. Determine o(-7).
144
Let s(m) = 2*m**2 - 289*m - 733. Determine s(147).
2
Let s(p) = -42*p - 1367. Calculate s(-33).
19
Let p(l) = -90*l + 440. What is p(5)?
-10
Let y(h) = -h**2 - h + 53. Determine y(-8).
-3
Let p(f) = -f**2 - 13*f + 5. Calculate p(-11).
27
Let d(n) = 855*n + 3416. Give d(-4).
-4
Let t(j) = j**2 - 35*j - 1261. Give t(-21).
-85
Let d(t) = 3*t**3 + 157*t**2 + 55*t + 164. Calculate d(-52).
8
Let x(d) = 33*d - 617. Give x(24).
175
Let x(i) = 122*i - 1476. Determine x(4).
-988
Let x(r) = -r**2 - 54*r + 2592. Calculate x(-85).
-43
Let v(x) = 118*x + 118. Give v(-2).
-118
Let o(s) = 843*s + 15061. Calculate o(-18).
-113
Let p(u) = -35*u - 118. Calculate p(-4).
22
Let l(r) = -16*r + 378. Determine l(12).
186
Let v(z) = 228*z + 6900. What is v(-30)?
60
Let k(l) = 8*l**2 + 2. Calculate k(1).
10
Let z(o) = -2*o**3 - 2*o**2 + 36*o - 1. Determine z(-6).
143
Let v(n) = 2*n**3 - 51*n**2 + 70*n + 50. Give v(24).
2
Let o(w) = -17*w + 314. What is o(18)?
8
Let y(n) = -n**3 - 18*n**2 - 10*n. Give y(-17).
-119
Let i(c) = -3*c**2 + 11*c - 19. Calculate i(4).
-23
Let l(z) = -2*z**2 - 43*z + 5431. Determine l(-64).
-9
Let q(y) = 375*y - 2625. Give q(7).
0
Let t(i) = 3*i + 310. Calculate t(66).
508
Let x(t) = 259*t**2 - 515*t + 3. What is x(2)?
9
Let t(z) = -z**3 - 53*z**2 + 113*z + 157. Determine t(-55).
-8
Let b(g) = g**3 - 11*g**2 - 27*g + 44. Calculate b(13).
31
Let m(o) = 7*o**3 + o**2 - 28*o + 28. What is m(1)?
8
Let q(p) = -p**3 + 11*p**2 - 3*p - 50. Determine q(10).
20
Let v(t) = t**3 - 3*t**2 - 3*t + 123. Calculate v(0).
123
Let s(v) = 15813*v + 79069. Calculate s(-5).
4
Let l(d) = -d**2 - 1504*d - 11975. Give l(-8).
-7
Let m(z) = 2*z**2 + 196*z + 108. Determine m(-98).
108
Let x(o) = 11*o + 80. Give x(-21).
-151
Let t(s) = s**3 - 19*s**2 - 146*s - 93. What is t(25)?
7
Let r(g) = 79*g**2 - 556*g + 43. What is r(7)?
22
Let d(b) = 23*b**2 - 480*b - 58. What is d(21)?
5
Let l(w) = 10*w**3 + 2*w**2 + 3*w - 4. What is l(1)?
11
Let s(v) = v**2 + 29*v - 525. Give s(17).
257
Let i(x) = -x**3 - 45*x**2 + x + 29. What is i(-45)?
-16
Let j(h) = h**2 + 57*h + 473. Give j(-42).
-157
Let w(a) = a**3 + 19*a**2 - 2*a - 362. Calculate w(-18).
-2
Let l(r) = 139*r**3 - r**2. Determine l(-1).
-140
Let k(u) = -120*u + 1594. Calculate k(13).
34
Let m(h) = -115*h + 3689. What is m(32)?
9
Let r(b) = -38*b + 790. What is r(13)?
296
Let w(r) = -48*r + 62. Calculate w(6).
-226
Let b(o) = 251*o + 4527. Determine b(-18).
9
Let f(w) = -17*w**2 + 299*w + 941. Give f(-3).
-109
Let g(x) = x**3 - 3*x**2 + 2*x - 114. Give g(0).
-114
Let y(m) = m**3 - 14*m**2 - 29*m + 84. Determine y(15).
-126
Let k(j) = -243*j + 3643. Give k(15).
-2
Let x(c) = -c**2 - 21*c + 883. Determine x(21).
1
Let b(z) = 5*z**3 + 8*z**2 - 2*z - 19. What is b(-4)?
-203
Let r(z) = z**3 + 2*z**2 - 34*z - 1. Give r(-7).
-8
Let y(h) = h**3 - 19*h**2 + 7*h + 240. Calculate y(18).
42
Let o(a) = -a**3 + 37*a**2 - 8*a + 40. Determine o(37).
-256
Let x(k) = -28*k + 1015. Calculate x(36).
7
Let q(h) = -h**3 - 17*h**2 + 13*h - 82. Determine q(-18).
8
Let z(k) = -2144*k + 158. Give z(0).
158
Let i(l) = 214*l + 2081. What is i(-10)?
-59
Let u(s) = -145*s + 2693. Determine u(18).
83
Let a(r) = r**2 - 2*r + 11. Give a(4).
19
Let c(x) = 20*x + 465. Give c(-24).
-15
Let k(v) = -8*v**3 - 193*v**2 - 26*v - 58. Calculate k(-24).
-10
Let x(w) = -6*w**3 + 8*w**2 + 2*w - 4. Determine x(2).
-16
Let y(a) = 4*a**3 - a**2 - 18*a - 45. Calculate y(-3).
-108
Let i(n) = -92*n - 244. What is i(-3)?
32
Let i(r) = -720*r - 1424. What is i(-2)?
16
Let f(b) = -3*b**2 + 300*b - 1706. Determine f(94).
-14
Let s(j) = 2*j - 22. Give s(36).
50
Let c(h) = h**3 + 5*h**2 + 21*h + 105. Give c(-5).
0
Let o(t) = -8*t**2 + 63*t + 237. Determine o(-3).
-24
Let m(l) = -l**2 - 874*l - 6902. Calculate m(-8).
26
Let x(p) = p**2 + 71*p + 450. What is x(-7)?
2
Let l(i) = 2*i**2 + 94*i - 129. Determine l(-44).
-393
Let q(h) = 116*h**2 + 15*h + 14. What is q(-1)?
115
Let z(r) = -2*r**3 - 87*r**2 + 325*r - 200. Determine z(-47).
-12
Let c(d) = 71*d + 545. What is c(-8)?
-23
Let c(l) = -l**2 - 18*l + 79. Calculate c(5).
-36
Let j(r) = 7*r**2 + 63*r + 88. Determine j(-2).
-10
Let y(w) = -2*w**2 + 148*w - 208. Calculate y(72).
80
Let n(p) = 3*p**2 + 240*p - 7488. What is n(-104)?
0
Let d(p) = -p**2 - 63*p + 6. Calculate d(-63).
6
Let k(w) = 34972*w - 279782. Determine k(8).
-6
Let s(o) = 720*o + 1444. Determine s(-2).
4
Let l(c) = -c**2 - 26*c - 148. Give l(-12).
20
Let x(t) = t**2 + 1411*t - 11346. Calculate x(8).
6
Let h(y) = -41*y - 2310. Determine h(-59).
109
Let r(h) = -38*h + 5554. Calculate r(146).
6
Let m(b) = -31*b**2 + 186*b + 15. What is m(6)?
15
Let o(t) = -t**3 + 40*t**2 + 71*t + 547. Give o(42).
1
Let a(i) = 56*i + 15180. Determine a(-271).
4
Let h(z) = z**3 - 2*z**2 - 8*z + 14. Calculate h(7).
203
Let x(r) = 5*r**2 - 29*r - 279. What is x(11)?
7
Let x(t) = -1039*t - 4157. Give x(-4).
-1
Let d(q) = -24*q**2 - 120*q - 10. Give d(-5).
-10
Let o(i) = -i**2 - 53*i + 696. Calculate o(-64).
-8
Let k(h) = h**3 + 6*h**2 - 47*h - 254. Calculate k(-8).
-6
Let m(n) = -1597*n + 19162. Give m(12).
-2
Let v(y) = -y**3 - 5*y**2 + 37*y + 93. What is v(-8)?
-11
Let r(q) = -15*q - 523. What is r(-7)?
-418
Let t(w) = -17*w - 334. Calculate t(-20).
6
Let d(t) = t**3 - 11*t**2 - 16*t + 6. Give d(12).
-42
Let v(m) = m**3 - 22*m**2 + 7*m - 607. Calculate v(22).
-453
Let x(p) = -p**2 - 3*p + 4. What is x(-13)?
-126
Let o(u) = -42*u - 4424. Give o(-93).
-518
Let r(b) = 6*b**2 - 137*b - 680. Give r(27).
-5
Let j(z) = -z**3 + 6*z**2 + 2*z + 56. Determine j(7).
21
Let q(b) = -3*b**2 - 122*b + 57. Give q(-40).
137
Let n(s) = 1457*s - 14611. Determine n(10).
-41
Let r(d) = -108*d - 563. What is r(-5)?
-23
Let a(z) = 162*z - 36. Determine a(-1).
-198
Let i(l) = -3*l**3 - 13*l**2 - 15*l - 35. What is i(-4)?
9
Let g(j) = -29*j**2 - 866*j + 250. What is g(-30)?
130
Let v(h) = h**2 - 14*h - 211. Calculate v(-10).
29
Let r(b) = -151*b + 2567. Calculate r(24).
-1057
Let g(c) = 4*c + 461. Determine g(-86).
117
Let c(a) = a**3 - 85*a**2 + 86*a - 155. Calculate c(84).
13
Let j(s) = 3*s**2 + 68*s + 97. What is j(-21)?
-8
Let f(v) = -v**3 - 2*v**2 + 15*v + 11. Give f(-7).
151
Let w(i) = 149*i + 3207. What is w(-22)?
-71
Let r(b) = 11995*b + 11990. Calculate r(-1).
-5
Let u(d) = -341*d - 352. Calculate u(-1).
-11
Let s(o) = -1713*o + 22279. Determine s(13).
10
Let g(z) = z**3 - 16*z**2 + 48*z - 129. Calculate g(13).
-12
Let b(n) = 17*n**2 + 930*n - 278. What is b(-55)?
-3
Let x(o) = 2*o**3 + 177*o**2 + 2477*o - 575. Determine x(-71).
-7
Let p(c) = 29*c - 266. What is p(8)?
-34
Let h(v) = 2*v**3 - 15*v**2 + 30*v - 13. Give h(6).
59
Let r(y) = 56*y**2 - 1511*y - 60. Calculate r(27).
-33
Let w(m) = -30*m**3 - 3*m**2 - 18*m - 15. What is w(-1)?
30
Let q(w) = 12*w**2 - 12*w - 79. Determine q(-6).
425
Let m(p) = -52*p + 353. Give m(7).
-11
Let w(q) = q**2 - 2636*q - 26472. Determine w(-10).
-12
Let x(r) = -6*r + 221. Determine x(42).
-31
Let i(x) = 2*x**2 - 533*x + 1071. Give i(2).
13
Let h(j) = -j**3 + 4*j**2 - 5*j + 17. Calculate h(5).
-33
Let n(r) = r**3 - r**2 - 93*r + 12. Determine n(10).
-18
Let u(o) = -2*o**2 - 54*o - 346. Give u(-13).
18
Let f(x) = x**3 - 30*x**2 + x + 1532. Determine f(28).
-8
Let q(t) = 20*t - 1016. Determine q(51).
4
Let g(w) = -6*w**3 - 54*w**2 + 149*w + 3. Give g(3).
-198
Let a(w) = -w**3 + 15*w**2 - 29*w + 41. Give a(11).
206
Let y(c) = c**3 - 54*c**2 + 665*c + 17. What is y(35)?
17
Let w(v) = 6*v**2 + 875*v + 2434. Determine w(-143).
3
Let m(w) = w**3 + 5*w**2 - 21*w - 5. What is m(-10)?
-295
Let f(v) = v**2 + 11*v - 404. Give f(-27).
28
Let h(i) = 2*i**3 - 41*i**2 + 15*i + 106. Determine h(20).
6
Let l(f) = -f**3 - 24*f**2 + 5*f + 315. Give l(-24).
195
Let m(q) = 5*q**3 + 2*q**2 - 10*q + 3. Calculate m